3)). Let k be b(f). Suppose -x = 2*v - 3*v + 4, -k*x - 18 = -4*v. What is the units digit of v?
5
Let x = -36 + 41. Suppose 0 = x*v - 772 - 148. What is the hundreds digit of v?
1
What is the tens digit of -5 - 2/(-1) - -252?
4
Suppose -4*t + 6 = -g + 19, -g - 14 = 5*t. What is the units digit of (t/6)/((-7)/714)?
1
Suppose -3*v + g + 11 = 0, 0*g + g - 17 = -4*v. Let r be 120 + v - 0 - -2. Suppose 0 = -2*n - 2 - 2, -r = -2*i + 3*n. What is the tens digit of i?
6
Let t = -345 + 1505. What is the units digit of t?
0
Suppose 4*h - 4 = 0, -4*j = -9*j + 3*h + 2457. What is the hundreds digit of j?
4
What is the tens digit of 1165/3 - 60/(-36)?
9
Let r = -1011 + 2333. What is the units digit of r?
2
Let f = 2769 + -1478. What is the hundreds digit of f?
2
Let b(q) = -q - 1. Let x be b(-3). Suppose -4*z = t - 504, x*z = -2*t - 3*t + 252. What is the tens digit of (z/12)/((-2)/(-12))?
6
Let h = -35 + 938. What is the hundreds digit of h?
9
Suppose -5*u = -3*d - 747, 5*u = 5*d + 27 + 718. Let h be u/9 - 6/9. Suppose 2*j - j - h = 0. What is the tens digit of j?
1
Suppose -4*g - 5 = 7. Let i be g + (-2 - -1*8). Suppose -3*v + 78 = -i. What is the units digit of v?
7
Let r(g) be the second derivative of g**4/12 + 5*g**3/3 - 11*g**2/2 + 7*g. Let f be 1/(-1) + (2 - 13). What is the tens digit of r(f)?
1
Let g = 238 + -415. Let z be g*(14/(-3) + 4). Suppose 5*k = 47 + z. What is the units digit of k?
3
What is the units digit of 430 - (2/(-2) + 2 + 2)?
7
Let q = 193 + -115. Suppose r - 5*s - q = 0, 5*r + 2*s - 318 = 3*s. What is the tens digit of r?
6
Let f(g) = g**3 + 10*g**2 - 24*g + 3. Let w be f(-12). Suppose -w*q + 392 = -16. What is the hundreds digit of q?
1
Let q(j) = 13*j**2 + 21*j - 57. What is the thousands digit of q(-10)?
1
Suppose g - 170 = 206. What is the tens digit of g?
7
Let b = -125 + 362. What is the tens digit of b?
3
Let r = -22 + 32. Let v = 13 - r. What is the units digit of 8/(20/(-8) + v)?
6
Let h = 3 - -18. Suppose -10 = 2*z, -h = 4*g + 3*z - 6. Suppose -2*q + 4*n + n + 31 = g, -2*n = -2. What is the units digit of q?
8
Let h = -67 + 63. What is the tens digit of 1/(1/(-732)*h)?
8
Suppose -19*p - 1152 = -22*p. What is the units digit of p?
4
Let u be (6/4)/(15/(-50)). What is the units digit of u/2*(-66)/5?
3
Let f = 1265 + -693. What is the units digit of f?
2
Let s = -27 - -30. Suppose -16 = s*g - 1. What is the units digit of 9 - (1 + (g - -1))?
2
Suppose 6*r - 49912 = -28*r. What is the units digit of r?
8
Suppose -11*s = -7*s - 3*t - 1475, 0 = -2*s - 4*t + 754. What is the tens digit of s?
7
Suppose 0*v + 5*v + 50 = 0. What is the units digit of (-216)/v*(-50)/(-15)?
2
What is the units digit of 4*(5 - (-1956)/16)?
9
Let g(u) = -8*u - 25. Let z(f) = 95*f + 300. Let v(l) = 25*g(l) + 2*z(l). What is the hundreds digit of v(-25)?
2
Suppose -m - i = -1658, 8*i - 6642 = -4*m + 6*i. What is the tens digit of m?
6
Suppose 0 = -3*g - 2*g + 125. Let h = 9 - g. Let f = -5 - h. What is the units digit of f?
1
Let u = 293 - 155. Let z = u + -53. What is the units digit of z?
5
Suppose -5186*c + 5181*c = -3025. What is the hundreds digit of c?
6
Suppose -2*i - 8 = -2*x - 2*x, 4*x - 16 = 0. Suppose 4*o - 24 = -i*o. Suppose -2*d + 3*k = -65, -o*k - 25 = -d - 0*k. What is the tens digit of d?
4
Suppose -4*j - 300 = -0*j. Suppose -1035 = 3*y - 12*y. Let u = y + j. What is the tens digit of u?
4
What is the thousands digit of (-412170)/(-275) - (-18)/(-10)?
1
Let a = -907 + 1308. What is the hundreds digit of a?
4
Suppose -17 = -k + 4. Let f = k + -18. Suppose -96 = -f*w + 9. What is the tens digit of w?
3
Suppose 5*q + 12*q = 13430. What is the tens digit of q?
9
Let y = -8 + 20. Suppose 0 = -4*a + a + y. Suppose r = 8 + a. What is the units digit of r?
2
What is the units digit of ((-4)/(-1))/(-15*(-15)/21825)?
8
Suppose -15*a + 10*a - 4*n = -11215, 4*n = 0. What is the units digit of a?
3
Let o be (-440)/33 + 1/3. Let y = o - -15. Suppose -3*g = -y*g - 26. What is the tens digit of g?
2
Let o be 3 + -1 + 2 + 0. Suppose -27 = -o*d - 7. Suppose 1 = -h, d*a - 2*h - 24 = 3*a. What is the tens digit of a?
1
Let p = -23 - -22. Let x be p/1*(15 - 17). What is the tens digit of x*(-49)/6*-3?
4
Suppose 5*q = -0*x - 2*x + 685, -5*q + 670 = -x. What is the hundreds digit of q?
1
Let a be (2/2)/((-3)/(-18)). Suppose a*d = 6 + 12. What is the units digit of d + -5 + 3 + 39?
0
What is the hundreds digit of ((-4)/((-88)/5159))/((-2)/(-12))?
4
Suppose 2*i - 2*t = 3*i - 54, t = -3*i + 187. Let a = i - 60. What is the units digit of a?
4
Suppose 12468 = 11*k - 5165. What is the tens digit of k?
0
Let h(c) be the third derivative of -c**6/60 - c**5/20 - c**3/2 - 12*c**2. What is the tens digit of h(-3)?
2
Let c(n) = 128*n + 11. What is the tens digit of c(4)?
2
Let g(c) = 0*c - 2 + c + 12 + c. Let x(i) = -i - 5. Let o(z) = 2*g(z) + 5*x(z). What is the units digit of o(-8)?
3
Let o = 92 - -51. Let b = o - 75. What is the tens digit of b?
6
Suppose -2*l + 5364 = 4*d, -l + 6*l + 4*d = 13380. What is the units digit of l?
2
Let o be ((-480)/(-36))/((-2)/(-42)). What is the units digit of (8/20)/(4/o)?
8
Let m = -23 - -25. Suppose 5*q = -m*w + 375 - 29, 0 = -4*q + w + 269. What is the tens digit of q?
6
Let p = 212 - 60. Suppose 4*o - 140 = p. What is the tens digit of o?
7
Let s(b) = 40*b**2 + 48*b + 30. What is the units digit of s(-6)?
2
Suppose -2 = -2*f + 5*n + 4, 0 = -n. Suppose -4*k + 5*i - 2*i = -120, f*i = -2*k + 60. What is the tens digit of k?
3
Suppose -3*n + 176 = n. Suppose 3*d - n = 16. What is the tens digit of d?
2
Let j(n) = 23*n**2 + 12*n + 62. What is the tens digit of j(-6)?
1
Suppose h + 0 + 2 = -w, 0 = w - 3*h - 18. Suppose -o + 68 = -w*k, -4*k - 309 + 115 = -3*o. What is the tens digit of o?
6
Let s(t) = -t**3 + 11*t**2 - 11*t + 10. Let k be s(10). Suppose -4*j + 0*j + 4 = 2*x, 3*x + j - 1 = k. Suppose 5*b + 4 - 19 = x. What is the units digit of b?
3
Suppose -n + 5*o - 13 = 0, 3*o - 3 = 2*n + n. Suppose 0 = n*c - 1 - 65. What is the tens digit of c?
3
Let u(q) = 3*q - 3. Let f be u(2). Suppose -4*b + 10 = 2*j, -3 = -2*b - 2*j + f. Let z = b + 25. What is the units digit of z?
7
Let c be 1*(-1)/((-4)/40). Let v be (45/c)/((-2)/4). Let z(h) = -h**3 - 9*h**2 + 9. What is the units digit of z(v)?
9
Let g be (-676)/(-182) - (1 + (-9)/7). Suppose -19 - 40 = -g*d - i, -74 = -4*d + 2*i. What is the tens digit of d?
1
Suppose 8 = -3*s + 4*s. Suppose n = s*n - 294. What is the tens digit of n?
4
Suppose 5*i + 201 = 791. Let d = -65 + i. What is the tens digit of d?
5
Let q(h) = 2 + 5 - 19*h + 12*h. What is the units digit of q(-8)?
3
Let o be 24/9*6/(-4). Let q(s) = -19*s + 21. Let k(l) = -10*l + 11. Let c(w) = o*q(w) + 7*k(w). What is the units digit of c(4)?
7
Let i = -8 + -1. Let h be (i - -11)*(1 - -15). Suppose 3*q + h = 95. What is the units digit of q?
1
Let y = -19 - -19. Suppose -2*x + 3*d + 30 = y, 0 = -3*x - 2*x + 5*d + 85. What is the units digit of x + 0 - (-4 - -1)?
4
Let m(x) = -x**3 + 14*x**2 - 12*x - 17. Let a be m(13). Let i(t) = 4*t + 18. What is the units digit of i(a)?
2
Suppose -331 = -2*u - 5*v, 2*u + 0*v - 343 = -v. What is the tens digit of u?
7
Let q be (-1)/(-3 + (-204)/(-69)). Let w = 18 - q. Let h = 34 - w. What is the units digit of h?
9
Suppose -53*d + 56*d = 1311. What is the units digit of d?
7
Suppose -d + 2*d - 535 = 0. What is the hundreds digit of d?
5
Let b = -11 + 28. Suppose -40 = 21*m - b*m. Let i(g) = g**3 + 10*g**2 - 4*g - 13. What is the tens digit of i(m)?
2
Suppose -62*r = -57*r + 3*f - 3734, -3*f - 1481 = -2*r. What is the hundreds digit of r?
7
Let z(x) = -2*x**3 + 16*x + 12. What is the tens digit of z(-9)?
2
Let i(t) = 19*t**2 + 6*t - 79. What is the hundreds digit of i(6)?
6
Let n = 1151 - 188. What is the units digit of n?
3
Let s(q) = -8*q + 4. Let w be 90/(-9)*(-2)/4. Let t be s(w). Let l = 1 - t. What is the tens digit of l?
3
Let t = 51 - 35. Let m(k) = -k**2 + 17*k - 11. Let j be m(t). Suppose j*g = 2*g + 9. What is the units digit of g?
3
Let m = 4 + -2. Suppose -4*z - m*i = i - 22, 5*z + i - 22 = 0. Suppose 4*y = z*c + 152, -28 = -2*y - 4*c + 36. What is the tens digit of y?
3
Let i = -441 - -599. What is the tens digit of i?
5
Let k = 742 + -205. What is the units digit of k?
7
Suppos